usands digit of 332296?
3
What is the ten thousands digit of 6774341?
7
What is the tens digit of 12830895?
9
What is the thousands digit of 345850?
5
What is the hundreds digit of 253365?
3
What is the hundred thousands digit of 7887964?
8
What is the thousands digit of 9792331?
2
What is the tens digit of 367148?
4
What is the tens digit of 1142741?
4
What is the hundred thousands digit of 175583?
1
What is the ten thousands digit of 20895191?
9
What is the units digit of 25170?
0
What is the ten millions digit of 16655043?
1
What is the millions digit of 6406563?
6
What is the hundreds digit of 72621?
6
What is the hundred thousands digit of 262961?
2
What is the ten millions digit of 11853328?
1
What is the tens digit of 517318?
1
What is the hundreds digit of 9872799?
7
What is the millions digit of 5940461?
5
What is the tens digit of 3643070?
7
What is the ten thousands digit of 7075178?
7
What is the hundreds digit of 22289514?
5
What is the thousands digit of 9407603?
7
What is the ten thousands digit of 393747?
9
What is the hundreds digit of 113487?
4
What is the ten thousands digit of 2170065?
7
What is the ten millions digit of 12169543?
1
What is the ten millions digit of 20954148?
2
What is the thousands digit of 1880636?
0
What is the hundred thousands digit of 16312906?
3
What is the units digit of 13976?
6
What is the hundreds digit of 620808?
8
What is the ten millions digit of 14530970?
1
What is the thousands digit of 5157423?
7
What is the ten thousands digit of 2527790?
2
What is the ten thousands digit of 4634499?
3
What is the units digit of 3116127?
7
What is the hundreds digit of 19732692?
6
What is the millions digit of 2284756?
2
What is the millions digit of 3701681?
3
What is the hundreds digit of 2243828?
8
What is the tens digit of 1011857?
5
What is the hundred thousands digit of 259020?
2
What is the hundred thousands digit of 1887344?
8
What is the tens digit of 150878?
7
What is the millions digit of 3975146?
3
What is the ten thousands digit of 4884671?
8
What is the thousands digit of 731509?
1
What is the tens digit of 22434619?
1
What is the hundreds digit of 548031?
0
What is the ten thousands digit of 14046167?
4
What is the millions digit of 6323212?
6
What is the units digit of 1264509?
9
What is the hundred thousands digit of 5323651?
3
What is the millions digit of 1196250?
1
What is the units digit of 530513?
3
What is the hundred thousands digit of 5407445?
4
What is the hundreds digit of 193626?
6
What is the ten thousands digit of 2796495?
9
What is the tens digit of 184779?
7
What is the thousands digit of 881757?
1
What is the tens digit of 69047?
4
What is the hundreds digit of 2368263?
2
What is the hundred thousands digit of 2148145?
1
What is the thousands digit of 5739828?
9
What is the hundred thousands digit of 373878?
3
What is the thousands digit of 32989593?
9
What is the hundreds digit of 364584?
5
What is the thousands digit of 4859703?
9
What is the ten thousands digit of 4922646?
2
What is the hundreds digit of 723947?
9
What is the hundred thousands digit of 5195442?
1
What is the hundred thousands digit of 676847?
6
What is the hundred thousands digit of 103798?
1
What is the thousands digit of 1211901?
1
What is the tens digit of 1161157?
5
What is the thousands digit of 29174665?
4
What is the tens digit of 9730865?
6
What is the ten thousands digit of 83791?
8
What is the units digit of 498616?
6
What is the ten thousands digit of 6654816?
5
What is the units digit of 9448539?
9
What is the units digit of 25267?
7
What is the ten thousands digit of 270367?
7
What is the hundreds digit of 3448?
4
What is the thousands digit of 4640243?
0
What is the millions digit of 2162967?
2
What is the ten thousands digit of 446755?
4
What is the ten thousands digit of 368957?
6
What is the hundred thousands digit of 2826557?
8
What is the thousands digit of 1598218?
8
What is the thousands digit of 295025?
5
What is the ten thousands digit of 155767?
5
What is the tens digit of 914286?
8
What is the ten millions digit of 13394687?
1
What is the tens digit of 150381?
8
What is the millions digit of 6106729?
6
What is the millions digit of 35292889?
5
What is the hundreds digit of 1399662?
6
What is the hundreds digit of 212458?
4
What is the hundred thousands digit of 695983?
6
What is the ten thousands digit of 1813494?
1
What is the tens digit of 1048499?
9
What is the ten thousands digit of 3300002?
0
What is the ten thousands digit of 1434543?
3
What is the ten thousands digit of 5864638?
6
What is the tens digit of 197688?
8
What is the ten thousands digit of 500469?
0
What is the units digit of 10250220?
0
What is the units digit of 37786?
6
What is the hundred thousands digit of 232985?
2
What is the hundred thousands digit of 463097?
4
What is the units digit of 4153892?
2
What is the ten thousands digit of 176403?
7
What is the hundred thousands digit of 17451964?
4
What is the thousands digit of 1143468?
3
What is the hundreds digit of 18532721?
7
What is the thousands digit of 385652?
5
What is the thousands digit of 459027?
9
What is the hundreds digit of 3567453?
4
What is the ten thousands digit of 31918014?
1
What is the hundreds digit of 5622598?
5
What is the tens digit of 818563?
6
What is the ten millions digit of 10870697?
1
What is the tens digit of 5219607?
0
What is the hundreds digit of 32705?
7
What is the hundred thousands digit of 1322266?
3
What is the hundreds digit of 164092?
0
What is the thousands digit of 1753006?
3
What is the thousands digit of 329157?
9
What is the hundred thousands digit of 2142912?
1
What is the units digit of 1182873?
3
What is the hundreds digit of 25737518?
5
What is the hundred thousands digit of 1072503?
0
What is the units digit of 3791328?
8
What is the thousands digit of 8444390?
4
What is the thousands digit of 352745?
2
What is the units digit of 140328?
8
What is the units digit of 94829?
9
What is the hundred thousands digit of 2676061?
6
What is the millions digit of 1553453?
1
What is the units digit of 641843?
3
What is the units digit of 220911?
1
What is the hundreds digit of 102541?
5
What is the thousands digit of 2722988?
2
What is the thousands digit of 152060?
2
What is the millions digit of 3849978?
3
What is the hundred thousands digit of 276905?
2
What is the units digit of 3109391?
1
What is the tens digit of 40604?
0
What is the units digit of 17960359?
9
What is the hundred thousands digit of 281975?
2
What is the ten thousands digit of 446516?
4
What is the units digit of 652629?
9
What is the tens digit of 173736?
3
What is the hundred thousands digit of 4452030?
4
What is the tens digit of 236421?
2
What is the hundreds digit of 449738?
7
What is the hundreds digit of 55593?
5
What is the hundred thousands digit of 422295?
4
What is the ten thousands digit of 230327?
3
What is the hundred thousands digit of 11607872?
6
What is the hundreds digit of 10096141?
1
What is the hundreds digit of 3693?
6
What is the thousands digit of 129874?
9
What is the units digit of 10927789?
9
What is the hundreds digit of 329586?
5
What is the hundreds digit of 3982489?
4
What is the ten thousands digit of 15900?
1
What is the ten millions digit of 19476492?
1
What is the hundreds digit of 36204688?
6
What is the thousands digit of 201459?
1
What is the hundreds digit of 457492?
4
What is the tens digit of 76942?
4
What is the hundreds digit of 1746295?
2
What is the millions digit of 1027922?
1
What is the hundred thousands digit of 3265261?
2
What is the tens digit of 4688004?
0
What is the hundreds digit of 10518550?
5
What is the thousands digit of 28872685?
2
What is the units digit of 9445026?
6
What is the hundred thousands digit of 2349608?
3
What is the thousands digit of 2778722?
8
What is the tens digit of 46831?
3
What is the tens digit of 344729?
2
What is the units digit of 164915?
5
What is the ten thousands digit of 4833279?
3
What is the tens digit of 2323376?
7
What is the ten thousands digit of 4399755?
9
What is the hundred thousands digit of 123860?
1
What is the tens digit of 132962?
6
What is the ten thousands digit of 321186?
2
What is the thousands digit of 7637933?
7
What is the thousands